a) = -12*a**3 + 2*a**2 - 4*a + 9. Let m be r(3). Let l = m + 184. Let o = l + 143. What is the highest common divisor of o and 18?
18
Suppose -3*v = -6, 2*v = -8*n + 4*n + 172. Let k be 48 + -55 - (-293)/(-1). Let f = -272 - k. What is the greatest common divisor of n and f?
14
Suppose -7602 = -b - 5*v, 5*v - 15305 = 6*b - 60882. Calculate the highest common factor of b and 214.
107
Let i(t) = -110*t - 588. Let s be i(-6). Let x be -2 - (-2 + -6*4). What is the highest common divisor of x and s?
24
Suppose 2426*g = 2423*g - 5*l + 2302, g = -3*l + 786. Let m = -5 - -36. What is the highest common factor of g and m?
31
Suppose 2*a = 349 + 407. Suppose -59*u + 495 = -26*u + 33. What is the highest common factor of u and a?
14
Suppose 28*r = 427128 - 5280. Calculate the greatest common factor of 62 and r.
62
Let p be 14/(-10) - (-414078)/70. Suppose p = 19*c + 1544. What is the highest common factor of c and 138?
46
Let j be (-4)/(-64)*82253 - (-18)/96. What is the highest common factor of j and 371?
53
Let q(s) = s**3 - 43*s**2 + 84*s + 110. Let p be q(41). Calculate the highest common divisor of p and 132.
12
Let y be ((-297)/22*2)/(2 - 3). What is the highest common divisor of y and 9?
9
Let s(b) = -b**3 - 2*b**2 + 18*b - 28. Let a be s(-9). What is the highest common divisor of a and 182?
13
Suppose -109 = 3*h + 65. Let y = h - -66. Calculate the greatest common factor of 80 and y.
8
Let y = -64 - -109. Let c(m) = -4*m**2 + 349*m + 291. Let s be c(88). What is the greatest common divisor of y and s?
9
Let c = 31 - 34. Let n be (-14)/c*450/20. Let o = n - 94. Calculate the greatest common factor of 11 and o.
11
Let t = -144 + 2042. Suppose 27*l + t - 8054 = 0. What is the greatest common factor of l and 36?
12
Let b = -1419 + 1589. Calculate the highest common divisor of b and 221.
17
Let p be 54910/45 + (-10)/45*1. Let s be 7 + (-136)/(-8) - 4. Calculate the greatest common divisor of s and p.
20
Let w(u) = 14*u**2 - 4*u - 175. Let j be w(-7). What is the highest common factor of 11 and j?
11
Let s = 27 + 240. What is the highest common factor of 3 and s?
3
Let w(p) = -3*p**3 - 3*p**2 + 5*p - 25. Let y be w(-4). Suppose 0 = l - y + 15. Calculate the highest common factor of 312 and l.
12
Suppose -4*y = -v + 39, -3*v + 2*y + 90 = -v. Let m = 31 + 768. Calculate the highest common divisor of m and v.
47
Let q = 3359 - 1637. Let w be 6/27 - q/(-27). What is the highest common divisor of w and 24?
8
Suppose 5*k - 111854 + 111774 = 0. Calculate the greatest common factor of 146 and k.
2
Suppose z = 3*a - z - 82, 3*a - 94 = -z. Let v = -69 + 222. Let t = -123 + v. What is the greatest common divisor of a and t?
30
Let h be ((-20)/(-38))/(88/836). What is the highest common factor of h and 23?
1
Let o(f) = 16*f - 62. Let g be o(5). Suppose -r = 10 - g. What is the highest common factor of r and 36?
4
Let p be 3*(6/8)/((-27)/(-24)). Suppose -3*t - 16 = 5*b - 11, 3*t + p*b = 7. Calculate the greatest common divisor of t and 5.
5
Let r = -260 - -205. Let d = r - -95. What is the highest common divisor of 5 and d?
5
Let c = -2185 - -4585. Calculate the greatest common factor of 96 and c.
96
Let r(l) = 13*l**2 - 20 - 8*l + l + l**3 - 8*l. Let a be r(-13). Calculate the greatest common divisor of a and 70.
35
Let i be ((-6)/4)/1*-4 - 15252/(-6). Calculate the greatest common factor of 39 and i.
13
Suppose 2*q = 7*q. Suppose q = 5*h + 24 + 441. Let g = 117 + h. What is the highest common factor of g and 16?
8
Suppose 42*x - 43*x = 5*o - 210, 4*o + 3*x = 168. Calculate the highest common divisor of 16674 and o.
42
Let a(r) = 44*r**2 - 3*r - 1. Let b be 5/(-2)*(-112)/35. Suppose 4*z + b = 4. Let h be a(z). Calculate the highest common factor of 184 and h.
46
Let n = 79 - 74. Let d(r) = -15 + 7 + 7 - 3*r + n. Let f be d(-4). Calculate the greatest common divisor of 40 and f.
8
Suppose 3*h - 94 = 4*k, 10*h - 8*h - k = 61. Suppose 0 = 12*d - 6*d - 240. What is the highest common factor of h and d?
10
Let m(t) = -2*t**3 + 3*t**2 + 4*t + 4. Let o be 5 + 42/(-7) + -1. Let a be m(o). What is the greatest common factor of a and 444?
12
Suppose s - 4*s = -3*t - 45, s = 3*t + 17. Let h(a) = -9*a - 55. Let b be h(-10). What is the highest common factor of b and s?
7
Suppose -32*d = -29*d + 159. Let r = 81 + d. What is the highest common divisor of 42 and r?
14
Let a = 220 - 142. Let z be 25 - ((-638)/116 - 18/(-4)). Calculate the greatest common factor of z and a.
26
Let y(a) = a**3 + 11*a**2 + 7*a - 8. Let f be y(-10). Suppose 0 + 20 = -5*l, -o = 5*l - f. What is the highest common divisor of 84 and o?
42
Let m(p) = -13*p - 67. Let l be m(-6). Let c(i) = -2*i + 40. Let w be c(l). Calculate the greatest common factor of 2 and w.
2
Suppose 5*u - 6693 - 12694 - 5888 = 0. Calculate the greatest common factor of 15 and u.
15
Suppose 120 = -18*d + 197 + 301. What is the highest common factor of d and 168?
21
Let o(k) = -3*k - 11. Let w be 2/((-25)/(-30)*6/(-15)). Let z be o(w). Suppose 6*p - 3*p - 294 = 0. Calculate the greatest common factor of p and z.
7
Suppose 92*p - 545957 = 950975. What is the highest common factor of p and 53?
53
Let g(c) = c**2 + 17*c - 243. Let f be g(-27). Suppose h = -4*s + 127, s - 2*s + 3*h + 22 = 0. Let i = 67 - s. Calculate the highest common divisor of i and f.
9
Suppose 0*u = -2*u - 5*h + 28, h + 56 = 4*u. Let l(r) = 31 - 18*r + 13 + u*r. Let z be l(-20). Calculate the highest common factor of 31 and z.
31
Let k be 185*(5 + 5) + 52/13. Calculate the greatest common divisor of k and 90.
18
Suppose f - 12 = 15*g - 12*g, -4*f - 2*g = -6. Suppose f*c + 9*h - 8*h = 20, 5*c - 2*h - 48 = 0. What is the highest common divisor of c and 3?
1
Suppose -78 = -4*r - 2*r. Let q = r + -51. Let o = q + 40. Calculate the greatest common divisor of 2 and o.
2
Let q(h) = 13*h + 16. Let g be q(-4). Let w be g/(-63) - 2026/(-7). Calculate the greatest common factor of 10 and w.
10
Let z(k) be the third derivative of 11*k**4/8 + 9*k**2. Let h be z(1). Let o be (-5 - -5) + (-154)/(3 - 10). Calculate the highest common factor of h and o.
11
Let k = 4925 - 3565. What is the highest common factor of k and 4?
4
Let i(q) = -q**3 - 12*q**2 + 178*q + 2193. Let v be i(-13). Let j(w) = -15*w + 2. Let b = 0 + -2. Let z be j(b). What is the highest common divisor of v and z?
16
Suppose -3*x - 534 = -3*b, -2*b + 346 = -27*x + 23*x. What is the highest common factor of b and 12?
3
Suppose 3*r + 2*d + 6 = 84, -6 = 2*d. Let t be 0/r - (-1 - 45). Calculate the greatest common divisor of t and 4.
2
Suppose 8 = -2*i + 6*i. Let y be -1*i/(-2) + (2 - -1). Suppose 4*a + 31 = 5*a - y*k, -124 = -4*a + 4*k. Calculate the highest common factor of a and 93.
31
Suppose -3*a + c + 2050 = 0, 5*a = 90*c - 86*c + 3433. What is the highest common factor of a and 3?
3
Let r(y) = 6*y**2 - 14*y - 192. Let g be r(-9). Let f = g + -409. Calculate the highest common divisor of 77 and f.
11
Suppose 0 = 15*n - 16*n - 4*f + 1160, 4*n - 4*f - 4660 = 0. What is the greatest common factor of n and 970?
194
Suppose 0 = 3*g + 1688*y - 1689*y - 749, -3*y = -g + 231. Calculate the highest common divisor of 7 and g.
7
Let a = 198 + -363. Let y be (a/(-12)*2)/((-5)/(-10)). Let x be 11*2/(2*1). What is the highest common factor of x and y?
11
Let w be 2/11 - 60/(-33). Let x be -6 + 2 - (w - 10). Suppose -x*j + 968 = 360. What is the greatest common divisor of 19 and j?
19
Let m be (4432/(-3))/(5/(-3) - 17/(-17)). Calculate the greatest common divisor of m and 24.
8
Let y be (-2)/3*-1*6. Let d be 23 + (3 - ((-1 - -3) + -1)). Suppose -2*h = -2, -5*q = -2*h - 3*h - d. Calculate the greatest common divisor of q and y.
2
Let c = 12127 + -10467. Calculate the highest common divisor of c and 100.
20
Suppose 20003 = 16*h - 147*h + 62447. Calculate the greatest common factor of 48 and h.
12
Let r = 91 - 69. Let q be (-1)/(-2) - (-11)/r. Let k(n) = n**2 - 4*n + 9. Let c be k(4). Calculate the greatest common factor of c and q.
1
Let n(x) = x**2 + x + 9. Let v be n(-5). Let w = -31 + v. Let j be (128/(-12))/w - (-2)/3. What is the highest common divisor of 6 and j?
6
Let y = 433 + -96. Suppose -5*q - y + 2382 = 0. Let p = -240 + q. Calculate the greatest common divisor of 13 and p.
13
Let s(m) = 9*m + 446. Let z be s(-42